onvert -3146152 (base 7) to base 9.
-641281
-10020012012001 (base 3) to base 7
-20405335
Convert -3233204 (base 5) to base 6.
-1104341
Convert 2356025 (base 9) to base 8.
4676457
Convert 11011001100011001110 (base 2) to base 16.
d98ce
What is 278578 (base 10) in base 5?
32403303
Convert -11333442 (base 6) to base 16.
-56942
12002102022002 (base 3) to base 13
7391a2
What is 151003 (base 9) in base 11?
6361a
-121321303321 (base 4) to base 6
-401313001
What is 50321 (base 6) in base 9?
10044
-102230332 (base 4) to base 8
-225476
What is -1751502 (base 8) in base 12?
-208942
Convert 2c299 (base 13) to base 16.
147ee
-2154011 (base 6) to base 4
-122132113
Convert -104a106 (base 11) to base 10.
-1843562
-13b4 (base 16) to base 3
-20220211
60387 (base 10) to base 4
32233203
What is -31a493 (base 14) in base 8?
-6321561
90596 (base 11) to base 9
221648
Convert -7044931 (base 11) to base 15.
-1163928
-256a43 (base 14) to base 11
-7a9393
What is 757775 (base 8) in base 11?
163883
What is 1219597 (base 11) in base 12?
863516
What is 92b79a (base 12) in base 7?
25362505
What is 693319 (base 12) in base 4?
12123130011
Convert -21ca191 (base 14) to base 4.
-331113022103
Convert 10001000010111001 (base 2) to base 9.
115684
-21181 (base 12) to base 3
-2012120221
What is 2ba6c5a (base 13) in base 10?
14038736
What is -a21365 (base 11) in base 16?
-190c55
Convert -444010 (base 6) to base 3.
-1212222020
Convert 3866 (base 11) to base 3.
20220102
46444 (base 8) to base 15
5cb8
483248 (base 9) to base 13
a2647
Convert -202010012000111 (base 3) to base 11.
-6042780
Convert -100002211001 (base 3) to base 4.
-223300000
What is a95d5 (base 16) in base 7?
5616333
What is -233231230233 (base 4) in base 3?
-212112110200110
500633 (base 7) to base 13
2c519
What is -120042130 (base 5) in base 9?
-1026888
Convert 1310470 (base 8) to base 3.
200112111012
What is -2378434 (base 9) in base 13?
-3631a8
Convert 1604370 (base 11) to base 13.
750a67
-1326142 (base 8) to base 6
-11545202
Convert -54205435 (base 6) to base 3.
-10000110001012
-42266310 (base 7) to base 14
-6927b0
6547431 (base 9) to base 7
41611351
Convert 18756 (base 13) to base 6.
1003223
Convert 256675 (base 8) to base 13.
319a2
What is -10011101111000000 (base 2) in base 13?
-2aa3b
Convert -216ceb (base 15) to base 9.
-2886505
-10dd286 (base 14) to base 4
-132301001212
31b652 (base 12) to base 15
10837b
111001110000000 (base 2) to base 13
105c6
Convert -157860 (base 10) to base 6.
-3214500
1723120 (base 10) to base 3
10020112200021
Convert -1014302 (base 6) to base 3.
-2111010002
Convert -244353120 (base 6) to base 8.
-21724050
-101011011101010010111 (base 2) to base 9
-2610347
What is 22011001011120 (base 3) in base 9?
8131146
Convert 33332211 (base 4) to base 11.
45196
162e07 (base 15) to base 6
34555424
What is -42b9d9 (base 14) in base 3?
-11020211111121
What is 2622262 (base 7) in base 16?
5370a
Convert -191530 (base 10) to base 15.
-3bb3a
What is -4143121 (base 6) in base 16?
-30e59
What is -52687 (base 12) in base 14?
-2b579
What is -110111000101 (base 3) in base 6?
-5133231
What is -14142 (base 13) in base 14?
-d99a
Convert 1322310113 (base 4) to base 11.
313a60
What is -11136766 (base 9) in base 6?
-311411223
Convert -23351615 (base 7) to base 13.
-573098
What is 98e7a4 (base 15) in base 8?
33633042
21226465 (base 7) to base 5
430233302
What is -261683 (base 12) in base 16?
-98883
Convert -94428 (base 10) to base 2.
-10111000011011100
-20111012101 (base 3) to base 5
-13041340
What is -55b11c (base 16) in base 4?
-111123010130
What is -5897a8a (base 11) in base 4?
-213033313133
Convert -42844 (base 11) to base 4.
-33030202
2a905 (base 14) to base 11
72741
-560132 (base 9) to base 7
-2562602
What is -518535 (base 13) in base 12?
-779683
Convert 16612 (base 9) to base 7.
45221
196530 (base 11) to base 15
5e4b4
What is -b21410 (base 15) in base 8?
-40210651
What is 2052465 (base 11) in base 3?
20210220002012
What is -197455 (base 10) in base 3?
-101000212011
-1513333 (base 6) to base 11
-5a905
-100011000110001001100010 (base 2) to base 13
-1ba1829
Convert -243304 (base 5) to base 11.
-6a08
353103 (base 8) to base 12
59803
Convert 56540 (base 10) to base 8.
156334
3087c (base 14) to base 9
187347
-2a8026 (base 11) to base 2
-1110100111111010100
What is -1011320231 (base 4) in base 9?
-475588
Convert 2358a (base 13) to base 8.
176240
What is 1aa7252 (base 11) in base 15?
49d4d2
-252351342 (base 6) to base 8
-22477716
What is -10100010000100011 (base 2) in base 13?
-2ba00
-2212113233 (base 4) to base 8
-2462757
What is 2242322 (base 6) in base 13?
40217
120012011110122 (base 3) to base 13
18988c1
Convert 30323333301 (base 4) to base 5.
1332011343
-1132123030 (base 5) to base 11
-1526051
What is 1177209 (base 10) in base 7?
13002045
-276aa (base 16) to base 4
-213122222
Convert -10001001001000111111 (base 2) to base 11.
-354041
Convert 163750 (base 11) to base 13.
8b696
510515 (base 12) to base 13
3540c5
Convert 22120102111 (base 3) to base 5.
20344314
329164 (base 10) to base 14
87d5a
What is 6c212 (base 14) in base 3?
111101220120
-2232430110 (base 5) to base 3
-100100101011121
What is -11333341340 (base 5) in base 15?
-1256565
4c549 (base 15) to base 10
244194
Convert 10131552 (base 6) to base 16.
474bc
Convert 2424241 (base 7) to base 5.
34340302
Convert -7c850 (base 14) to base 2.
-1001010000101110110
10215140 (base 6) to base 7
2350404
1c2a67 (base 15) to base 14
27b63a
693099 (base 11) to base 9
2058810
Convert -5014261 (base 7) to base 3.
-1010002021211
200011110111011 (base 3) to base 13
20000bc
Convert 5e947 (base 15) to base 14.
7c32b
-94711 (base 10) to base 6
-2010251
What is -7454222 (base 8) in base 13?
-5482a1
What is 2021330111 (base 4) in base 3?
1001201001102
Convert 230413 (base 15) to base 2.
110011000000101110111
What is 13420321 (base 5) in base 9?
231402
What is 173421 (base 9) in base 7?
625300
What is 173b44 (base 15) in base 2?
100010011000000001110
Convert 21133412 (base 5) to base 6.
3445033
-220112121010112 (base 3) to base 2
-110001110000000011110001
What is -364457 (base 10) in base 13?
-c9b72
What is 12662343 (base 7) in base 4?
10132312221
Convert 133113434 (base 5) to base 9.
1240413
Convert 20346650 (base 7) to base 3.
10012211222202
-43725422 (base 8) to base 12
-31a0902
3440200131 (base 5) to base 7
122536353
-26940 (base 14) to base 8
-271614
What is -3ab902 (base 15) in base 6?
-140303515
What is 37316 (base 9) in base 2?
110000111010100
22031213 (base 4) to base 7
232646
-13230422 (base 5) to base 12
-65131
-13da619 (base 14) to base 6
-543141223
-36fd6 (base 16) to base 3
-102102222011
16b043 (base 14) to base 5
201023223
Convert 102022331110 (base 4) to base 13.
caa233
430146 (base 8) to base 2
100011000001100110
Convert 2644736 (base 9) to base 13.
3b879a
Convert -17089a (base 14) to base 15.
-10e810
Convert 473575 (base 10) to base 6.
14052251
What is 2c0320 (base 16) in base 10?
2884384
What is -1403178 (base 9) in base 16?
-bbfb8
-28801 (base 10) to base 12
-14801
Convert 6406 (base 11) to base 15.
27a1
Convert 132111110 (base 4) to base 3.
20022102122
What is -a429b (base 16) in base 3?
-1021011101010
What is 123510554 (base 6) in base 13?
669580
Convert -244643651 (base 7) to base 8.
-72612137
What is 452150550 (base 6) in base 5?
4101212142
1000001010111101100000 (base 2) to base 4
20022331200
What is 26342664 (base 7) in base 9?
4478376
Convert 419a7 (base 11) to base 4.
32322231
What is -c530 (base 14) in base 5?
-2041300
424240123 (base 5) to base 10
1790038
What is -e2a5 (base 15) in base 11?
-32a55
What is -2577505 (base 8) in base 13?
-1c3072
What is -1115540 (base 7) in base 11?
-95353
What is -14655445 (base 7) in base 4?
-11113332202
-142129 (base 11) to base 10
-222429
Convert 6c4b06 (base 13) to base 11.
1503284
Convert -3ca67 (base 15) to base 7.
-1440463
-1403d (base 14) to base 13
-19678
Convert 253405 (base 6) to base 5.
1212304
What is -1130200101 (base 4) in base 9?
-636666
Convert -c0619 (base 13) to base 12.
-146b34
What is -431123004 (base 5) in base 13?
-4b81ca
Convert -724181 (base 9) to base 16.
-68ddf
22301340 (base 6) to base 8
2451774
-b1b064 (base 14) to base 15
-7d33d7
What is -114034141 (base 5) in base 2?
-10000010010010100111
C